1?
3, 9679
List the prime factors of 53740.
2, 5, 2687
What are the prime factors of 369?
3, 41
What are the prime factors of 206?
2, 103
What are the prime factors of 19648?
2, 307
What are the prime factors of 4029?
3, 17, 79
List the prime factors of 2059.
29, 71
List the prime factors of 15617.
7, 23, 97
List the prime factors of 52887.
3, 17, 61
What are the prime factors of 121?
11
List the prime factors of 397.
397
What are the prime factors of 29737?
131, 227
List the prime factors of 6120.
2, 3, 5, 17
What are the prime factors of 7178?
2, 37, 97
What are the prime factors of 12242?
2, 6121
List the prime factors of 15096.
2, 3, 17, 37
List the prime factors of 16201.
17, 953
List the prime factors of 20100.
2, 3, 5, 67
What are the prime factors of 31196?
2, 11, 709
List the prime factors of 1607.
1607
What are the prime factors of 159226?
2, 79613
List the prime factors of 2467.
2467
List the prime factors of 13919.
31, 449
What are the prime factors of 1313?
13, 101
What are the prime factors of 3900?
2, 3, 5, 13
What are the prime factors of 15975?
3, 5, 71
List the prime factors of 971.
971
List the prime factors of 35632.
2, 17, 131
What are the prime factors of 3366?
2, 3, 11, 17
What are the prime factors of 510?
2, 3, 5, 17
What are the prime factors of 542?
2, 271
What are the prime factors of 2006?
2, 17, 59
What are the prime factors of 862?
2, 431
List the prime factors of 1159.
19, 61
What are the prime factors of 2738?
2, 37
What are the prime factors of 2759?
31, 89
List the prime factors of 4074.
2, 3, 7, 97
List the prime factors of 11222.
2, 31, 181
List the prime factors of 1699.
1699
List the prime factors of 6743.
11, 613
List the prime factors of 2968.
2, 7, 53
What are the prime factors of 3273?
3, 1091
List the prime factors of 49906.
2, 24953
List the prime factors of 152308.
2, 13, 29, 101
List the prime factors of 9128.
2, 7, 163
What are the prime factors of 184199?
184199
What are the prime factors of 9031?
11, 821
What are the prime factors of 105393?
3, 19, 43
What are the prime factors of 2730?
2, 3, 5, 7, 13
List the prime factors of 7878.
2, 3, 13, 101
What are the prime factors of 1076?
2, 269
List the prime factors of 1565.
5, 313
List the prime factors of 2303.
7, 47
What are the prime factors of 594?
2, 3, 11
What are the prime factors of 626?
2, 313
What are the prime factors of 42486?
2, 3, 73, 97
What are the prime factors of 77351?
77351
List the prime factors of 955.
5, 191
List the prime factors of 3680.
2, 5, 23
List the prime factors of 53033.
181, 293
List the prime factors of 9258.
2, 3, 1543
What are the prime factors of 25831?
13, 1987
What are the prime factors of 3723?
3, 17, 73
List the prime factors of 4301.
11, 17, 23
List the prime factors of 1186.
2, 593
What are the prime factors of 40412?
2, 10103
List the prime factors of 3073.
7, 439
What are the prime factors of 6043?
6043
List the prime factors of 29304.
2, 3, 11, 37
List the prime factors of 862.
2, 431
List the prime factors of 44565.
3, 5, 2971
List the prime factors of 12374.
2, 23, 269
What are the prime factors of 8359?
13, 643
What are the prime factors of 24517?
24517
What are the prime factors of 90?
2, 3, 5
What are the prime factors of 46392?
2, 3, 1933
List the prime factors of 10060.
2, 5, 503
What are the prime factors of 8386?
2, 7, 599
What are the prime factors of 2577?
3, 859
What are the prime factors of 4862?
2, 11, 13, 17
What are the prime factors of 6445?
5, 1289
What are the prime factors of 3266?
2, 23, 71
What are the prime factors of 49492?
2, 12373
What are the prime factors of 176582?
2, 7, 12613
List the prime factors of 46265.
5, 19, 487
What are the prime factors of 7763?
7, 1109
What are the prime factors of 710?
2, 5, 71
What are the prime factors of 6513?
3, 13, 167
List the prime factors of 961.
31
What are the prime factors of 36349?
163, 223
What are the prime factors of 471?
3, 157
List the prime factors of 1358.
2, 7, 97
What are the prime factors of 3749?
23, 163
List the prime factors of 2996.
2, 7, 107
List the prime factors of 32415.
3, 5, 2161
What are the prime factors of 978?
2, 3, 163
List the prime factors of 1416.
2, 3, 59
What are the prime factors of 18256?
2, 7, 163
List the prime factors of 13314.
2, 3, 7, 317
What are the prime factors of 166?
2, 83
What are the prime factors of 405?
3, 5
List the prime factors of 16424.
2, 2053
What are the prime factors of 38036?
2, 37, 257
List the prime factors of 1190.
2, 5, 7, 17
What are the prime factors of 413?
7, 59
List the prime factors of 8502.
2, 3, 13, 109
What are the prime factors of 15456?
2, 3, 7, 23
What are the prime factors of 43495?
5, 8699
What are the prime factors of 150974?
2, 19, 29, 137
What are the prime factors of 24063?
3, 13, 617
What are the prime factors of 2744?
2, 7
List the prime factors of 24882.
2, 3, 11, 13, 29
What are the prime factors of 808?
2, 101
What are the prime factors of 15267?
3, 7, 727
What are the prime factors of 29354?
2, 13, 1129
What are the prime factors of 15035?
5, 31, 97
List the prime factors of 9145.
5, 31, 59
What are the prime factors of 10502?
2, 59, 89
List the prime factors of 139519.
17, 29, 283
List the prime factors of 1995.
3, 5, 7, 19
What are the prime factors of 25299?
3, 937
List the prime factors of 2250.
2, 3, 5
What are the prime factors of 27499?
107, 257
What are the prime factors of 6188?
2, 7, 13, 17
List the prime factors of 8287.
8287
List the prime factors of 1631.
7, 233
What are the prime factors of 15045?
3, 5, 17, 59
List the prime factors of 12329.
12329
List the prime factors of 5736.
2, 3, 239
List the prime factors of 68876.
2, 67, 257
List the prime factors of 1624.
2, 7, 29
List the prime factors of 11905.
5, 2381
What are the prime factors of 2058?
2, 3, 7
List the prime factors of 1929.
3, 643
What are the prime factors of 77?
7, 11
What are the prime factors of 2813?
29, 97
What are the prime factors of 25720?
2, 5, 643
List the prime factors of 11451.
3, 11, 347
What are the prime factors of 35703?
3, 3967
What are the prime factors of 11446?
2, 59, 97
List the prime factors of 41059.
19, 2161
What are the prime factors of 1717?
17, 101
List the prime factors of 9.
3
What are the prime factors of 6281?
11, 571
List the prime factors of 1380.
2, 3, 5, 23
List the prime factors of 23795.
5, 4759
What are the prime factors of 620?
2, 5, 31
List the prime factors of 61241.
47, 1303
List the prime factors of 284.
2, 71
List the prime factors of 39995.
5, 19, 421
What are the prime factors of 3979?
23, 173
List the prime factors of 17010.
2, 3, 5, 7
List the prime factors of 10185.
3, 5, 7, 97
List the prime factors of 1025.
5, 41
What are the prime factors of 59901?
3, 41, 487
List the prime factors of 288.
2, 3
What are the prime factors of 3216?
2, 3, 67
List the prime factors of 3444.
2, 3, 7, 41
List the prime factors of 96869.
157, 617
List the prime factors of 42552.
2, 3, 197
What are the prime factors of 2053?
2053
List the prime factors of 5450.
2, 5, 109
List the prime factors of 19451.
53, 367
What are the prime factors of 6100?
2, 5, 61
What are the prime factors of 76492?
2, 13, 1471
List the prime factors of 630.
2, 3, 5, 7
What are the prime factors of 4187?
53, 79
List the prime factors of 503.
503
What are the prime factors of 920?
2, 5, 23
What are the prime factors of 55802?
2, 27901
List the prime factors of 3627.
3, 13, 31
What are the prime factors of 1987?
1987
List the prime factors of 5224.
2, 653
List the prime factors of 1303.
1303
What are the prime factors of 5040?
2, 3, 5, 7
What are the prime factors of 11868?
2, 3, 23, 43
What are the prime factors of 6677?
11, 607
What are the prime factors of 9875?
5, 79
List the prime factors of 9281.
9281
List the prime factors of 85773.
3, 28591
What are the prime factors of 1968?
2, 3, 41
What are the prime factors of 565?
5, 113
What are the prime factors of 82273?
29, 2837
List the prime factors of 2568.
2, 3, 107
What are the prime factors of 60?
2, 3, 5
List the prime factors of 2278.
2, 17, 67
List the prime factors of 1444.
2, 19
What are the prime factors of 38438?
2, 19219
List the prime factors of 15634.
2, 7817
List the prime factors of 1039.
1039
What a